{"id":80,"date":"2011-07-28T11:07:12","date_gmt":"2011-07-28T11:07:12","guid":{"rendered":"http:\/\/www.paderborner-puppenspiele.de\/neu2012\/?page_id=80"},"modified":"2022-11-09T19:06:32","modified_gmt":"2022-11-09T18:06:32","slug":"buhnentypen","status":"publish","type":"page","link":"http:\/\/www.paderborner-puppenspiele.de\/neu2012\/theater-on-tour\/buhnentypen\/","title":{"rendered":"B\u00fchnentypen"},"content":{"rendered":"<h1>Ganz nach der individuellen Anforderung bieten wir:<\/h1>\n<p style=\"text-align: center; margin-bottom: 0;\"><img loading=\"lazy\" class=\"aligncenter size-full wp-image-331\" title=\"B\u00fchnentypen\" src=\"http:\/\/www.paderborner-puppenspiele.de\/neu2012\/wp-content\/uploads\/2011\/07\/buehnentypen.png\" alt=\"\" usemap=\"#Map\" width=\"409\" height=\"173\" srcset=\"http:\/\/www.paderborner-puppenspiele.de\/neu2012\/wp-content\/uploads\/2011\/07\/buehnentypen.png 409w, http:\/\/www.paderborner-puppenspiele.de\/neu2012\/wp-content\/uploads\/2011\/07\/buehnentypen-300x126.png 300w, http:\/\/www.paderborner-puppenspiele.de\/neu2012\/wp-content\/uploads\/2011\/07\/buehnentypen-140x59.png 140w\" sizes=\"(max-width: 409px) 100vw, 409px\" \/><\/p>\n<map id=\"Map\" name=\"Map\">\n<area title=\"Kleine B\u00fchne\" coords=\"26,10,143,136\" shape=\"rect\" href=\"#b1\" \/>\n<area title=\"Gro\u00dfe Tourneeb\u00fchne\" coords=\"145,10,259,151\" shape=\"rect\" href=\"#b2\" \/>\n<area title=\"Open-Air-B\u00fchne\" coords=\"262,9,379,137\" shape=\"rect\" href=\"#b3\" \/>\n <\/map>\n<p><img loading=\"lazy\" class=\"aligncenter size-full wp-image-278\" title=\"Divider Schatten\" src=\"http:\/\/www.paderborner-puppenspiele.de\/neu2012\/wp-content\/uploads\/2011\/07\/divider_shadow.png\" alt=\"\" width=\"475\" height=\"31\" srcset=\"http:\/\/www.paderborner-puppenspiele.de\/neu2012\/wp-content\/uploads\/2011\/07\/divider_shadow.png 475w, http:\/\/www.paderborner-puppenspiele.de\/neu2012\/wp-content\/uploads\/2011\/07\/divider_shadow-300x19.png 300w, http:\/\/www.paderborner-puppenspiele.de\/neu2012\/wp-content\/uploads\/2011\/07\/divider_shadow-140x9.png 140w\" sizes=\"(max-width: 475px) 100vw, 475px\" \/><\/p>\n<p><a id=\"b1\" name=\"b1\"><\/a><\/p>\n<p style=\"text-align: center;\"><img loading=\"lazy\" class=\"aligncenter size-full wp-image-281\" title=\"B\u00fchne 1\" src=\"http:\/\/www.paderborner-puppenspiele.de\/neu2012\/wp-content\/uploads\/2011\/07\/b2.jpg\" alt=\"\" width=\"100\" height=\"103\" \/><\/p>\n<p><strong>1. Die &#8220;Kleine B\u00fchne der Paderborner Puppenspiele&#8221;<\/strong><\/p>\n<p>Wegen technischer Einschr\u00e4nkungen k\u00f6nnen nicht alle Inszenierungen auf dieser B\u00fchne angeboten werden. Bitte fragen Sie nach!<\/p>\n<table border=\"0\" width=\"95%\" cellspacing=\"0\" cellpadding=\"0\">\n<tbody>\n<tr>\n<td valign=\"top\" width=\"185\"><strong>Geeignet f\u00fcr:<\/strong><\/td>\n<td valign=\"top\">Innenr\u00e4ume mit einer Raumh\u00f6he von min. 2,30 m, f\u00fcr max. 75 Zuschauer, Abstand von der B\u00fchne zur letzten Besuchereihe max. 8 m<\/td>\n<\/tr>\n<tr>\n<td valign=\"top\" width=\"185\"><strong>Technische Anforderungen:<\/strong><\/td>\n<td valign=\"top\">Stromanschluss 230 V \/ 16 A in N\u00e4he der B\u00fchne, kleine Licht- und Verst\u00e4rkeranlage wird bei Bedarf mitgebracht<\/td>\n<\/tr>\n<tr>\n<td valign=\"top\" width=\"185\"><strong>Art der Handpuppen:<\/strong><\/td>\n<td valign=\"top\">13er Theater-Handpuppen<\/td>\n<\/tr>\n<tr>\n<td valign=\"top\" width=\"185\"><strong>Aufstellfl\u00e4che f\u00fcr die B\u00fchne:<\/strong><\/td>\n<td valign=\"top\">2,30 m Breite x 1,50 m Tief, Mindestabstand zwischen B\u00fchne und der ersten Zuschauerreihe 1,50 m (Halbkreis von ca. 120 Grad vor der B\u00fchne m\u00f6glich)<\/td>\n<\/tr>\n<tr>\n<td valign=\"top\" width=\"185\"><strong>Auf- und Abbauzeit:<\/strong><\/td>\n<td valign=\"top\">jeweils 45 Minuten<\/td>\n<\/tr>\n<\/tbody>\n<\/table>\n<p style=\"margin-bottom: 0;\"><img loading=\"lazy\" class=\"aligncenter size-full wp-image-278\" title=\"Divider Schatten\" src=\"http:\/\/www.paderborner-puppenspiele.de\/neu2012\/wp-content\/uploads\/2011\/07\/divider_shadow.png\" alt=\"\" width=\"475\" height=\"31\" srcset=\"http:\/\/www.paderborner-puppenspiele.de\/neu2012\/wp-content\/uploads\/2011\/07\/divider_shadow.png 475w, http:\/\/www.paderborner-puppenspiele.de\/neu2012\/wp-content\/uploads\/2011\/07\/divider_shadow-300x19.png 300w, http:\/\/www.paderborner-puppenspiele.de\/neu2012\/wp-content\/uploads\/2011\/07\/divider_shadow-140x9.png 140w\" sizes=\"(max-width: 475px) 100vw, 475px\" \/><\/p>\n<p><a id=\"b2\" name=\"b2\"><\/a><\/p>\n<p style=\"text-align: center;\"><img loading=\"lazy\" class=\"aligncenter size-full wp-image-282\" title=\"B\u00fchne 2\" src=\"http:\/\/www.paderborner-puppenspiele.de\/neu2012\/wp-content\/uploads\/2011\/07\/b3.jpg\" alt=\"\" width=\"100\" height=\"102\" \/><\/p>\n<p><strong>2. Die &#8220;Kombi-B\u00fchne der Paderborner Puppenspiele&#8221;<\/strong><\/p>\n<p>Es k\u00f6nnen fast alle Inszenierungen auf dieser B\u00fchne angeboten werden, einschlie\u00dflich des Marionettenspiels &#8220;Genoveva, Pfalzgr\u00e4fin vom Rhein&#8221;. Bitte fragen Sie nach!<\/p>\n<table border=\"0\" width=\"95%\" cellspacing=\"0\" cellpadding=\"0\">\n<tbody>\n<tr>\n<td valign=\"top\" width=\"185\"><strong>Geeignet f\u00fcr:<\/strong><\/td>\n<td valign=\"top\">Innenr\u00e4ume mit einer Raumh\u00f6he von min. 2,30 m, f\u00fcr max. 150 Zuschauer, Abstand von der B\u00fchne zur letzten Besuchereihe max. 12 m<\/td>\n<\/tr>\n<tr>\n<td valign=\"top\" width=\"185\"><strong>Technische Anforderungen:<\/strong><\/td>\n<td valign=\"top\">Stromanschluss 230 V \/ 16 A in N\u00e4he der B\u00fchne, Licht- und Verst\u00e4rkeranlage wird mitgebracht<\/td>\n<\/tr>\n<tr>\n<td valign=\"top\" width=\"185\"><strong>Art der Handpuppen:<\/strong><\/td>\n<td valign=\"top\">gro\u00dfe 15 er Theater-Handpuppen<\/td>\n<\/tr>\n<tr>\n<td valign=\"top\" width=\"185\"><strong>Aufstellfl\u00e4che f\u00fcr die B\u00fchne:<\/strong><\/td>\n<td valign=\"top\">3,50 m Breite x 2,50 m Tief, Mindestabstand zwischen B\u00fchne und der ersten Zuschauerreihe 2,50 m<\/td>\n<\/tr>\n<tr>\n<td valign=\"top\" width=\"185\"><strong>Auf- und Abbauzeit:<\/strong><\/td>\n<td valign=\"top\">jeweils 2 Stunden<\/td>\n<\/tr>\n<\/tbody>\n<\/table>\n<p><strong>3. Die &#8220;Gro\u00dfe Tourneeb\u00fchne der Paderborner Puppenspiele&#8221;<\/strong><\/p>\n<p>F\u00fcr alle Inszenierungen unserer Handpuppenspiele geeignet.<\/p>\n<table border=\"0\" width=\"95%\" cellspacing=\"0\" cellpadding=\"0\">\n<tbody>\n<tr>\n<td valign=\"top\" width=\"185\"><strong>Geeignet f\u00fcr:<\/strong><\/td>\n<td valign=\"top\">Versammlungsr\u00e4ume mit einer Raumh\u00f6he von min. 3,00 m, f\u00fcr max. 150 Zuschauer<\/td>\n<\/tr>\n<tr>\n<td valign=\"top\" width=\"185\"><strong>Technische Anforderungen:<\/strong><\/td>\n<td valign=\"top\">Stromanschluss 230V \/ 16A in N\u00e4he der B\u00fchne, gro\u00dfe Licht- und Verst\u00e4rkeranlage wird mitgebracht<\/td>\n<\/tr>\n<tr>\n<td valign=\"top\" width=\"185\"><strong>Art der Handpuppen:<\/strong><\/td>\n<td valign=\"top\">gro\u00dfe 15er Theater-Handpuppen, wenn eine Verdunklung vorhanden ist, k\u00f6nnen alle Inszenierungen aus dem laufenden Programm aufgef\u00fchrt werden, Lediglich die Anzahl der erforderlichen Puppenspieler k\u00f6nnte zu Einschr\u00e4nkungen f\u00fchren<\/td>\n<\/tr>\n<tr>\n<td valign=\"top\" width=\"185\"><strong>Aufstellfl\u00e4che f\u00fcr die B\u00fchne:<\/strong><\/td>\n<td valign=\"top\">6,00 m Breite x 3,00 m Tief, Mindestabstand zwischen B\u00fchne und der ersten Zuschauerreihe 3,50 m, maximaler Abstand 13 m<\/td>\n<\/tr>\n<tr>\n<td valign=\"top\" width=\"185\"><strong>Auf- und Abbauzeit:<\/strong><\/td>\n<td valign=\"top\">jeweils 1,5 Stunden<\/td>\n<\/tr>\n<\/tbody>\n<\/table>\n<p style=\"margin-bottom: 0;\"><img loading=\"lazy\" class=\"aligncenter size-full wp-image-278\" title=\"Divider Schatten\" src=\"http:\/\/www.paderborner-puppenspiele.de\/neu2012\/wp-content\/uploads\/2011\/07\/divider_shadow.png\" alt=\"\" width=\"475\" height=\"31\" srcset=\"http:\/\/www.paderborner-puppenspiele.de\/neu2012\/wp-content\/uploads\/2011\/07\/divider_shadow.png 475w, http:\/\/www.paderborner-puppenspiele.de\/neu2012\/wp-content\/uploads\/2011\/07\/divider_shadow-300x19.png 300w, http:\/\/www.paderborner-puppenspiele.de\/neu2012\/wp-content\/uploads\/2011\/07\/divider_shadow-140x9.png 140w\" sizes=\"(max-width: 475px) 100vw, 475px\" \/><\/p>\n<p><a id=\"b3\" name=\"b3\"><\/a><\/p>\n<p style=\"text-align: center;\"><img loading=\"lazy\" class=\"aligncenter size-full wp-image-283\" title=\"B\u00fchne 3\" src=\"http:\/\/www.paderborner-puppenspiele.de\/neu2012\/wp-content\/uploads\/2011\/07\/b4.jpg\" alt=\"\" width=\"100\" height=\"101\" \/><\/p>\n<p><strong>4. Der &#8220;B\u00fchnen-Anh\u00e4nger der Paderborner Puppenspiele&#8221;<\/strong><\/p>\n<p>Wegen technischer Einschr\u00e4nkungen k\u00f6nnen nicht alle Inszenierungen auf dieser B\u00fchne angeboten werden. Bitte fragen Sie nach!<\/p>\n<table border=\"0\" width=\"95%\" cellspacing=\"0\" cellpadding=\"0\">\n<tbody>\n<tr>\n<td valign=\"top\" width=\"185\"><strong>Geeignet f\u00fcr:<\/strong><\/td>\n<td valign=\"top\">Veranstaltungen im Freien oder in Hallen, f\u00fcr 100 &#8211; 150 Zuschauer<\/td>\n<\/tr>\n<tr>\n<td valign=\"top\" width=\"185\"><strong>Technische Anforderungen:<\/strong><\/td>\n<td valign=\"top\">Stromanschluss 230V \/ 16A in N\u00e4he der B\u00fchne, Verst\u00e4rkeranlage wird mitgebracht<\/td>\n<\/tr>\n<tr>\n<td valign=\"top\" width=\"185\"><strong>Art der Handpuppen:<\/strong><\/td>\n<td valign=\"top\">Gro\u00dfe 15 er Theater-Handpuppen<\/td>\n<\/tr>\n<tr>\n<td valign=\"top\" width=\"185\"><strong>Aufstellfl\u00e4che f\u00fcr die B\u00fchne:<\/strong><\/td>\n<td valign=\"top\">3,50 m Breite x 1,50 m Tief, freie H\u00f6he min. 3,00 m, Mindestabstand zwischen B\u00fchne und der ersten Zuschauerreihe ca. 2,50 m, (Halbkreis von ca. 120 Grad vor der B\u00fchne m\u00f6glich)<\/td>\n<\/tr>\n<tr>\n<td valign=\"top\" width=\"185\"><strong>Auf- und Abbauzeit:<\/strong><\/td>\n<td valign=\"top\">jeweils 60 Minuten<\/td>\n<\/tr>\n<\/tbody>\n<\/table>\n","protected":false},"excerpt":{"rendered":"<p>Ganz nach der individuellen Anforderung bieten wir: 1. Die &#8220;Kleine B\u00fchne der Paderborner Puppenspiele&#8221; Wegen technischer Einschr\u00e4nkungen k\u00f6nnen nicht alle Inszenierungen auf dieser B\u00fchne angeboten werden. Bitte fragen Sie nach! Geeignet f\u00fcr: Innenr\u00e4ume mit einer Raumh\u00f6he von min. 2,30 m, f\u00fcr max. 75 Zuschauer, Abstand von der B\u00fchne zur letzten Besuchereihe max. 8 m Technische [&hellip;]<\/p>\n","protected":false},"author":1,"featured_media":480,"parent":8,"menu_order":1,"comment_status":"closed","ping_status":"open","template":"","meta":[],"_links":{"self":[{"href":"http:\/\/www.paderborner-puppenspiele.de\/neu2012\/wp-json\/wp\/v2\/pages\/80"}],"collection":[{"href":"http:\/\/www.paderborner-puppenspiele.de\/neu2012\/wp-json\/wp\/v2\/pages"}],"about":[{"href":"http:\/\/www.paderborner-puppenspiele.de\/neu2012\/wp-json\/wp\/v2\/types\/page"}],"author":[{"embeddable":true,"href":"http:\/\/www.paderborner-puppenspiele.de\/neu2012\/wp-json\/wp\/v2\/users\/1"}],"replies":[{"embeddable":true,"href":"http:\/\/www.paderborner-puppenspiele.de\/neu2012\/wp-json\/wp\/v2\/comments?post=80"}],"version-history":[{"count":42,"href":"http:\/\/www.paderborner-puppenspiele.de\/neu2012\/wp-json\/wp\/v2\/pages\/80\/revisions"}],"predecessor-version":[{"id":1175,"href":"http:\/\/www.paderborner-puppenspiele.de\/neu2012\/wp-json\/wp\/v2\/pages\/80\/revisions\/1175"}],"up":[{"embeddable":true,"href":"http:\/\/www.paderborner-puppenspiele.de\/neu2012\/wp-json\/wp\/v2\/pages\/8"}],"wp:featuredmedia":[{"embeddable":true,"href":"http:\/\/www.paderborner-puppenspiele.de\/neu2012\/wp-json\/wp\/v2\/media\/480"}],"wp:attachment":[{"href":"http:\/\/www.paderborner-puppenspiele.de\/neu2012\/wp-json\/wp\/v2\/media?parent=80"}],"curies":[{"name":"wp","href":"https:\/\/api.w.org\/{rel}","templated":true}]}}